- 698, 4*r - 518 = 5*j. Is r prime?
True
Let h(g) = g + 2. Suppose 4*x = -x - 10. Let b be h(x). Is -19*(1 + -2 + b) composite?
False
Suppose 3 = -3*a, 5*k = 3*a - 0*a + 653. Suppose -2*v + 3*c - 9 = -56, k = 5*v - 5*c. Is v composite?
False
Let k be 4*((-52)/16 - -4). Suppose -3*a - k*a = -402. Is a composite?
False
Suppose 2*f + 497 - 1611 = 0. Is f a prime number?
True
Suppose 127 + 26 = 4*n + m, 5*n - 191 = -m. Let u be 122 + (0 - (-6 + 3)). Let i = n + u. Is i a composite number?
False
Suppose -1671 = -3*q + 750. Is q a composite number?
True
Let s(h) = -2*h**2 - 41*h + 41. Is s(-18) composite?
False
Suppose -3*p - 1246 = 1409. Is (p/3)/(2/(-2)) a composite number?
True
Suppose c + 11 = -7*a + 2*a, 4*a + 90 = 5*c. Let d be 3000/c + (-6)/21. Is 1/(-2) + d/4 prime?
True
Let a(b) = 96*b**2 + 1. Let f(u) = -u**3 + 6*u**2 - 4*u - 3. Let v be f(5). Let w be v + 2/2*-3. Is a(w) prime?
True
Let k be 2*-1 + 1*255. Suppose -3*x + 0*c - 5*c = -766, -x = 4*c - k. Is x prime?
True
Suppose j - 1142 = -8378. Is j/(-52) - 2/13 a prime number?
True
Let p(n) = 14*n - 13. Is p(6) prime?
True
Let s = -229 - -392. Is s a prime number?
True
Let v(m) = -m**2 + 9*m - 8. Let d be v(6). Suppose 2*b = -4 + d. Is (b/6)/((-1)/(-52)) composite?
True
Suppose 1424 - 4313 = -3*m. Let l be -1*m/(2 - -1). Is 4/(-10) + l/(-15) composite?
True
Let f(n) = -29*n - 4. Let l be f(-3). Suppose 0*z = -z + l. Is z a composite number?
False
Let m(d) = 4*d**2 + 15*d - 18. Is m(13) a prime number?
True
Let g = -184 + 423. Is g composite?
False
Let i(h) = 3*h. Let n be i(2). Let v(d) = -6*d + 10. Let k(q) = 1. Let x(z) = 5*k(z) - v(z). Is x(n) prime?
True
Suppose -27*i + 777 = -24*i. Is i composite?
True
Let k = 332 - 175. Is k composite?
False
Let s = -300 - -511. Let v = s + -146. Is v prime?
False
Suppose 0 = -2*a + 5 + 5. Let j be 1052/a - 6/(-10). Is j - -4 - (-2 + 2) prime?
False
Let y be (-2)/(0 + 6/(-9)). Suppose 98 = y*z + 5*d, 5*z + d = 3*z + 63. Is z a prime number?
True
Let f = -90 - -443. Let g = f + -162. Is g a prime number?
True
Suppose 155 = 5*i - 2105. Suppose v = -3*v + i. Is v composite?
False
Let g(s) = s**2 - 1. Let b(h) = 2*h**3 + 4*h**2 - 4. Let l(j) = b(j) - 5*g(j). Is l(2) a composite number?
False
Let g be 1/(-3*4/(-48)). Suppose 0 = 3*d - g*d + 263. Is d prime?
True
Suppose 7*d - 4*d = 9. Suppose 0 = m - d*m + 86. Is m a prime number?
True
Let m be 2/6 - (-110)/(-15). Let d = m - -10. Suppose -d*p = -6*p + 117. Is p a composite number?
True
Suppose o + 1238 = 5*v, -5*o + o - 12 = 0. Is v a prime number?
False
Let z be (-24)/(-10) - (-12)/(-30). Suppose z*j = 6*j - 1688. Is j a composite number?
True
Let i = 692 - -5315. Is i prime?
True
Suppose t + 48 + 69 = 0. Let v = t - -235. Is v composite?
True
Let v(r) = -2*r + 2. Let c be (-16)/6*3/(-2). Let p be v(c). Let n = p + 13. Is n a composite number?
False
Suppose -2*v - 5*k + 14 = 0, -2*v + k + 21 = v. Let m(g) = 2*g**2 - 11*g + 16. Is m(v) a prime number?
True
Let s = 16 - 3. Let g = s + -7. Is g/(((-12)/(-3))/2) a prime number?
True
Suppose -8 = 4*f, 2*f - f + 442 = -5*r. Let y = r - -291. Is y a prime number?
False
Suppose -5*a = -12 + 2. Suppose 3 = 3*p - a*p. Is ((-51)/p)/(2/(-14)) a prime number?
False
Let s = -2040 + 4025. Is s a composite number?
True
Let j = -17 + 60. Suppose 4*z - j = 33. Is z composite?
False
Let o(p) = -143*p - 121*p + 26*p + 3*p. Let t be o(3). Is t*((-15)/(-9) + -2) a composite number?
True
Let m(l) = l**3 - 1 - 9 - 8*l**2 + l**3 - l**3 + 8*l. Let s be m(7). Is s*2/(-9)*69 prime?
False
Let n(f) = 12*f**2 + f**3 - 2 + 0 - 3 + 5*f. Let d(o) = o + 4. Let u be d(-9). Is n(u) a prime number?
False
Let h be (2 + -1 - 3) + 6. Suppose -h*j + j = -39. Is j a composite number?
False
Let x = -662 + 1723. Is x a prime number?
True
Let b(m) = -17*m - 1. Suppose 5*y + 10 = -0*y. Is b(y) a prime number?
False
Let b(j) = 2*j**3 + 3 - j**3 + 7*j**3 - 2*j. Let w be b(2). Suppose l + m = -2*m + w, -m + 2 = 0. Is l prime?
False
Let y(a) = a**2 - 3*a - 2. Let r be y(6). Suppose -4*u - r = -5*w + 323, 0 = 4*w - 3*u - 271. Is w a prime number?
True
Suppose 3*d + 16 = 7*d. Suppose 5*w - 288 = -d*q, 5*q - 203 = -3*w + 144. Is q a prime number?
True
Suppose 8*i - 7*i - 502 = 0. Is i a prime number?
False
Let t(j) be the second derivative of -14*j**3 - j**2/2 - 5*j. Is t(-3) composite?
False
Let o(x) = -9*x**2 - 7*x + 9. Let m(c) = -c**2 - c + 1. Let k(d) = 4*m(d) - o(d). Is k(8) composite?
True
Let b(r) = r**3 - 8*r**2 - 6*r - 6. Let p(s) = -8*s + 2. Let j be p(-2). Let f = j - 9. Is b(f) prime?
False
Let u be 0*2/2*-1. Suppose 6*r - 5*r - 37 = u. Is r a prime number?
True
Let t(a) = -33*a - 12. Is t(-7) a prime number?
False
Suppose 4*x + 4*u - 528 = 0, -4*u - 389 = x - 4*x. Is x prime?
True
Is (-111)/(((-4)/1)/4) a prime number?
False
Suppose c - 5*r + 2358 = 5*c, 3*c - 1755 = 3*r. Is c composite?
False
Let k be (6 - (-1 - -3)) + -2. Let s be 406/6 + k/(-3). Let q = 104 - s. Is q composite?
False
Suppose -4*o - 149 = -3*a + 472, 0 = 4*a + o - 847. Is a composite?
False
Suppose 5*h + 5*r + 12 = 2*r, 4*r + 11 = -5*h. Let v(k) = -5*k**2 + 2*k + 4. Let t(j) = -j - 1. Let d(b) = -5*t(b) - v(b). Is d(h) prime?
True
Let q(b) = -9*b**2 - 8*b + 8. Let p be q(8). Let y = -423 - p. Is y composite?
True
Let s be 2 - (3 + (-2 - 0)). Let m(a) = 90*a**3 - 1. Is m(s) a composite number?
False
Suppose -5*q = t - 75, 5*q + 0*t = t + 75. Is q composite?
True
Let w = 3 - 1. Suppose -5*p + 605 = -w*x, 10*p - 590 = 5*p - x. Is p a prime number?
False
Let q(j) = j + 1. Let n be q(-1). Suppose -1195 = -3*c - 2*u, -5*c = 5*u - 1531 - 469. Suppose -5*k + n*k + c = 0. Is k a prime number?
True
Let c be (494 - 0)*(-35)/(-14). Suppose 0 = -5*d - 4*s + c, -4*s + s - 517 = -2*d. Is d prime?
True
Let f = -4 - -7. Suppose -1 = -f*l - 4. Is (-2)/((-90)/(-94) + l) a composite number?
False
Let a(z) = -z**3 - 15*z**2 - 14*z + 4. Let b be a(-14). Let j(t) = 47*t + 3. Is j(b) prime?
True
Suppose 3*j + 0*l = -5*l - 22, -32 = 3*j - 5*l. Let c = j - -15. Is c composite?
True
Is (3765/9)/(3/9) composite?
True
Suppose -11*c = 2*c - 23699. Is c a prime number?
True
Let w = -66 - -12. Let n be 8/36 + (-38)/9. Is 2/n*2 - w a prime number?
True
Suppose 4*k - 2*k = -700. Let s = 1027 + k. Is s a prime number?
True
Let f(g) = g**3 - 9*g**2 + g - 11. Let r be f(9). Let p(v) = -17*v**3 - v**2 + 4*v + 3. Is p(r) composite?
False
Is (-4 + 2)*(-758)/4 composite?
False
Let l = 107 - -140. Let u = -98 + l. Is u prime?
True
Let i = 19 + -15. Let y = 19 + i. Is y prime?
True
Suppose 8*f - 20 = 3*f. Let z = 3 + f. Is z composite?
False
Suppose z + 1 = 4. Suppose 0 = -2*i + z*o - 0*o + 225, 5*i - 576 = 3*o. Let l = i - 78. Is l a prime number?
False
Suppose d - 3*d = -570. Suppose 5*b - 110 - d = 0. Is b prime?
True
Let d(o) = -3*o - 11. Let x(a) = 5*a + 21. Let r(i) = 7*d(i) + 4*x(i). Let n be r(7). Is ((-3)/(-9) + n)*9 a prime number?
True
Suppose -h - 3*m + 462 = -281, 4*m = 3*h - 2255. Is h prime?
False
Suppose -4 = -5*n + 576. Suppose 6*j - 2*j = 5*r + 232, -3*r = -2*j + n. Suppose -h + j = -9. Is h a prime number?
True
Let o = 6 + -4. Suppose -1 = -o*p + 3*p. Is -1 + p + 26 + -1 composite?
False
Let v(z) = -4*z - 11. Is v(-12) composite?
False
Let l(d) = -150*d - 1. Is l(-3) prime?
True
Suppose -2*b + 45 = 3*b. Suppose 2*p - 79 = b. Suppose 7*s - 3*s - p = 0. Is s composite?
False
Let a = -1875 - -3029. Is a composite?
True
Let w = 0 - -11. Is w prime?
True
Let l(p) = -30*p + 17. Let b = -13 + 4. Is l(b) a prime number?
False
Suppose -12*g + 9*g = -1119. Is g a composite number?
False
Let t = 345 - -146. Is t composite?
False
Let q be -1 - (-3 + (0 - -2)). Suppose q = -k + 11 - 4. Suppose 16 = x - k. Is x composite?
False
Let f(i) = -i**3 - 6*i**2 - i - 4. Let x be f(-6). Suppose -4*m - z + 3*z + 934 = 0, -697 = -3*m - x*z. Is m a composite number?
False
Let i be 9/15 - 84/(-10). Is i/(-36) + 474/8 a composite number?
False
Suppose 5*i - i = 0. Suppose 4*u - 3*n - 308 = 0, i*n = -5*n. Is u a prime number?
False
Let p(d) = d**3 - 10*d**2 + d - 5. Let l be p(10). Suppose l*u = -2*q + 87, -2*q - 42 - 42 = -4*u. Is u a composite number?
False
Let x(a) = 16*a**2 + 4. Let f be x(3). Suppose f = 3*b + b. Is b prime?
True
Let m = 2 + 6. Let l(j) = -j**3 + 9